(1/(-45)). Let h be 1/6*-3 - 1055/(-10). Calculate the highest common factor of h and c.
15
Let o = 2220 + -2180. Calculate the highest common factor of 194 and o.
2
Suppose -5*d - 14511 + 74991 = 13*d. Calculate the greatest common divisor of d and 126.
42
Suppose -150 = -2*n - 156. Let c(x) = -17*x - 32. Let p be c(n). What is the highest common factor of p and 437?
19
Suppose -3*b + 581 = -o, 11*b = 13*b - 4*o - 404. Calculate the greatest common divisor of 864 and b.
96
Suppose -222 - 35 = -20*p + 2383. Suppose -3*t = -t - 72. Calculate the highest common divisor of p and t.
12
Suppose -3629 = -18*s - 3503. Suppose 4*a + x - 184 = -3*x, 153 = 3*a - 2*x. Calculate the greatest common factor of a and s.
7
Let y = 44 - 34. Let q = y + 0. Suppose -7*s = -66 + q. What is the highest common factor of s and 24?
8
Suppose 20*o + 154 = 22*o. Suppose -1 = q, 4*k = 2*k + q - o. Let g = -24 - k. What is the greatest common divisor of 45 and g?
15
Suppose 48*m - 61533 = -81*m. Calculate the highest common divisor of m and 901.
53
Suppose -5*r + 796 = 766. Suppose r + 12 = 3*d. Let o(j) = j**3 + j + 6. Let x be o(0). What is the greatest common factor of x and d?
6
Let g = 10194 - 2726. What is the highest common factor of g and 4?
4
Suppose 4*i = 8*w + 104, -7*i - 16 = -6*i + 5*w. What is the greatest common divisor of 152 and i?
2
Suppose 4*m - 58 + 46 = 0. Suppose -5*n - 3*b = -2*b - 380, -304 = -4*n - m*b. Let d = 78 - 59. Calculate the greatest common factor of d and n.
19
Let u be ((-50)/35)/(-5) - 2696/28. Let k = -128 + 301. Let b = k + u. Calculate the greatest common divisor of b and 7.
7
Let j be ((-92)/(-10) - 2/10) + 430 + -150. Calculate the greatest common divisor of j and 68.
17
Let s = 152 + -151. Let k be s + (5/(-15) - (-236)/6). What is the highest common divisor of k and 120?
40
Let n be ((-468)/(-63))/((-4)/(-98)). Let w = n - 156. Calculate the greatest common divisor of w and 260.
26
Let q = -10781 - -11773. What is the highest common factor of q and 208?
16
Suppose -r - 27 = -5*m + 196, 0 = 3*m - 4*r - 144. Let k = -223 + 707. What is the greatest common divisor of k and m?
44
Let c be 6 - (1/(7/28) + -1 + -19). Calculate the highest common factor of c and 162.
2
Let c(a) = 11*a**3 + 1. Suppose 3*m = b - 20, 3*b = -9*m + 4*m + 4. Let t = b - 7. Let v be c(t). Calculate the greatest common divisor of 24 and v.
12
Suppose -9*l = -18*l + 63 + 18. What is the greatest common divisor of l and 114?
3
Let p(d) = 2*d**2 + 1. Let j(m) = -5*m**2 + 3*m - 33. Let i(q) = j(q) + 3*p(q). Let l be i(5). What is the highest common divisor of 70 and l?
10
Let w(m) = 5*m**2 - 47*m + 467. Let p be w(8). Calculate the greatest common factor of p and 63.
3
Let u = 2282 - 2228. What is the greatest common divisor of u and 405?
27
Let u = -1287 + 1293. Let v = 2202 - 1524. Calculate the greatest common divisor of v and u.
6
Let g = 3151 + -2915. What is the greatest common factor of g and 295?
59
Let j(t) = 2*t**2 + 4*t - 5. Let r be j(-4). Let g be -46*r/(-7) + 6/(-21). Calculate the highest common divisor of 8 and g.
8
Suppose -4*k - f = -336, -3*k = 3*f - 263 + 11. Let z = 192 - 80. Calculate the highest common divisor of k and z.
28
Let x(s) = -700*s - 32890. Let a be x(-47). Suppose -w - 3*d + 18 = 0, -d + 26 = 3*w - 6*d. What is the greatest common factor of a and w?
2
Suppose -6*x = -17538 + 13014. What is the highest common factor of 182 and x?
26
Let k be (12/(-9) + 3)/(2/(-240)). Let w = 203 + k. Calculate the highest common divisor of 3 and w.
3
Let y = -859 - -987. What is the highest common divisor of 3 and y?
1
Let i be (-103)/(45526/(-4358052)) - (4/(-26) + 0). What is the greatest common divisor of i and 29?
29
Let u(f) = -f**3 - 5*f**2 + 4*f - 7. Let n be u(-8). Let c = -57 + n. Calculate the highest common divisor of 32 and c.
32
Let j(w) = -w**2 - 14*w - 18. Let p be ((63/6)/7 + 1)*-4. Let b be j(p). Suppose h - 253 = b. What is the greatest common factor of 25 and h?
25
Suppose -6*j + 5*j = -37. Let n(l) = 6*l + 43. Let u be n(-4). Suppose -17*k - 814 = -u*k. Calculate the highest common divisor of k and j.
37
Suppose 3*o = -4*y + 21011, 2*y + 4*o - 4167 - 6351 = 0. Calculate the greatest common factor of y and 58.
29
Let p(m) = -4*m**3 + 217*m**2 - 49*m - 60. Let r be p(54). Calculate the greatest common divisor of r and 190.
10
Suppose 0 = t + 3*r - 16, 5*t + 5*r = 67 - 7. Calculate the greatest common factor of t and 110.
10
Suppose 53*u + 6*u - 1790173 = -8*u. What is the greatest common divisor of 77 and u?
77
Suppose -6 = -3*a + 21. Let q = 534 + -771. Let b = 240 + q. What is the greatest common factor of a and b?
3
Let w = 2795 - 2689. Calculate the highest common divisor of 2014 and w.
106
Suppose -o = 2*a - 386, 58*a - 60*a = 2*o - 766. Calculate the greatest common factor of o and 60.
20
Let h be -9 + 12 + -6 + (423 - -18). What is the highest common divisor of h and 1?
1
Let l(q) = 2*q**2 - 9*q + 9. Let n be l(9). Let m be n*((-2)/10)/((-8)/16). Calculate the greatest common factor of 324 and m.
36
Let t be (-15)/(-10) + 707302/68. What is the highest common factor of t and 309?
103
Let r(i) = -10*i + 11. Let k be r(-8). Let x(o) = o**3 - 36*o**2 + 156*o - 24. Let u be x(31). Calculate the highest common divisor of u and k.
7
Suppose -64*z = -70*z + 336. What is the greatest common divisor of z and 476?
28
Let i be 8 + (36/3)/(-3). Suppose 164 = 5*z + p, -4*z = 2*p - 163 + 27. What is the highest common divisor of z and i?
4
Suppose 624 = -2*m + 15*m. Suppose -3456 = -33*d + 17*d. Calculate the highest common factor of d and m.
24
Suppose 0 = -96*v + 99*v - k - 1140, -v + 3*k + 380 = 0. Calculate the greatest common divisor of 836 and v.
76
Let w be (25/20)/((-23)/(-115) - 87/460). What is the greatest common divisor of w and 40595?
115
Suppose 0 = 5*d + 5*a - 30, 5*d - 61 + 34 = -4*a. What is the highest common divisor of 79 and d?
1
Let u = 1180 - 1197. Let r(h) = h**2 + 19*h + 114. Let k be r(u). Suppose 0*m - 5 = -m. What is the greatest common divisor of m and k?
5
Let l = -2595 + 4918. What is the highest common divisor of l and 202?
101
Let p(c) = 5*c - 1. Let n be p(1). Let y be (-1 - 24)*n/(-4). Let r(u) = 7*u**2 + 44*u + 17. Let k be r(-6). Calculate the highest common divisor of y and k.
5
Let j(x) = 131*x + 237. Let h be j(3). What is the greatest common factor of h and 1008?
126
Let x be 9/(-21) + ((-228)/7 - 2). Let n = x - -41. Let i be 96/n*-1*6/(-8). Calculate the greatest common divisor of i and 8.
4
Let a be (-1)/((-1)/2) + (19 - 21). Suppose a = -5*j + 51 + 69. Let p be 3/(j/(-14))*-4. What is the greatest common divisor of p and 7?
7
Let u = -11100 + 12366. Calculate the greatest common divisor of u and 78.
6
Suppose -390 = 18505*d - 18520*d. Let g be (56/(-3))/4*-33. Suppose 50 - g = -4*f. What is the greatest common factor of d and f?
26
Let i(a) = -39*a + 198. Let u be i(2). What is the highest common factor of 1704 and u?
24
Suppose 725 = 4*z - 5*a, -740 = -5*z + 2*a + 162. Let w(o) = 18*o**2 + 3*o - 1. Let q = 7 - 6. Let g be w(q). Calculate the highest common divisor of g and z.
20
Suppose 68*q = 52*q + 240. Suppose 2*h + 164 = 2*r, -5*h + q = 25. Calculate the greatest common divisor of 280 and r.
40
Suppose -7*m = i - 2*m - 149, -i + 2*m + 142 = 0. Suppose -3*y + 0*y + 3*j = -51, -4*y + 70 = -2*j. Calculate the greatest common factor of i and y.
18
Let b(f) = 18*f**2 + 1369*f + 83. Let g be b(-76). Calculate the greatest common factor of g and 980.
7
Suppose 0 = 3*q + 3*l - 0*l - 33, 0 = 3*q - 3*l - 51. Let d be 7 - 27/21 - (-4)/q. What is the greatest common divisor of d and 8?
2
Suppose 239 = -18*z + 61*z - 664. What is the highest common factor of z and 16800?
21
Let s(z) = 19*z - 23. Let x be 3/((-27)/6)*9/(-2). Let u be s(x). Suppose 5*c - 9*c + 340 = 0. Calculate the highest common factor of c and u.
17
Suppose 36*r - 36408 = 11472. What is the greatest common divisor of 28 and r?
14
Let p(u) = 2*u - 33. Let x be p(19). Suppose -10 = -d - 7*o + 2*o, 50 = x*d - 4*o. Let l be (-1)/3 - (-14)/6. What is the greatest common factor of d and l?
2
Let l = -53 - -58. Suppose o - 50 = -4*h, h - l = 2*o - 60. What is the greatest common factor of o and 270?
30
Let o be -404*3/(-6) - -2. Let s